{"id":193,"date":"2026-02-27T15:09:51","date_gmt":"2026-02-27T15:09:51","guid":{"rendered":"https:\/\/frelonix.fr\/?page_id=193"},"modified":"2026-02-27T15:32:37","modified_gmt":"2026-02-27T15:32:37","slug":"mentions-legales","status":"publish","type":"page","link":"https:\/\/frelonix.fr\/index.php\/mentions-legales\/","title":{"rendered":"Mentions l\u00e9gales"},"content":{"rendered":"\n<p><strong>\u00c9diteur du site<\/strong><\/p>\n\n\n\n<p>Nom commercial : Frelonix<br>Entreprise : Florent CASES<br>Forme juridique : Auto-entreprise<br>SIREN : 999 967 839<br>SIRET : 999 967 839 00013<br>Code APE : 8129A \u2014 D\u00e9sinfection, d\u00e9sinsectisation, d\u00e9ratisation<br>Adresse : 25 rue du Cordeau, 77390 Courtomer, France<br>Email : <a href=\"mailto:contact@frelonix.com\">contact@frelonix.com<\/a><br>T\u00e9l\u00e9phone : 06 09 07 72 14<\/p>\n\n\n\n<p><strong>Directeur de la publication<\/strong><\/p>\n\n\n\n<p>Florent CASES<\/p>\n\n\n\n<p><strong>H\u00e9bergement<\/strong><\/p>\n\n\n\n<p>Le site est h\u00e9berg\u00e9 par :<br>OVH SAS<br>2 rue Kellermann<br>59100 Roubaix \u2014 France<br>T\u00e9l\u00e9phone : 1007<br>Site web : <a href=\"http:\/\/www.ovh.com\/\">www.ovh.com<\/a><\/p>\n\n\n\n<p><strong>Propri\u00e9t\u00e9 intellectuelle<\/strong><\/p>\n\n\n\n<p>L\u2019ensemble des contenus pr\u00e9sents sur le site (textes, images, graphismes, logo, ic\u00f4nes, etc.) est la propri\u00e9t\u00e9 exclusive de Frelonix, sauf mention contraire.<br>Toute reproduction, repr\u00e9sentation, modification ou exploitation, totale ou partielle, sans autorisation pr\u00e9alable \u00e9crite est interdite.<\/p>\n\n\n\n<p><strong>Responsabilit\u00e9<\/strong><\/p>\n\n\n\n<p>Frelonix met tout en \u0153uvre pour fournir des informations fiables et \u00e0 jour.<br>Toutefois, l\u2019entreprise ne saurait \u00eatre tenue responsable des erreurs, omissions ou d\u2019une indisponibilit\u00e9 du site.<\/p>\n\n\n\n<p>L\u2019utilisateur reconna\u00eet utiliser les informations pr\u00e9sentes sur le site sous sa responsabilit\u00e9 exclusive.<\/p>\n\n\n\n<p><strong>Donn\u00e9es personnelles<\/strong><\/p>\n\n\n\n<p>Les donn\u00e9es collect\u00e9es via le formulaire de contact sont utilis\u00e9es uniquement pour r\u00e9pondre aux demandes des utilisateurs.<br>Elles ne sont ni vendues ni transmises \u00e0 des tiers.<\/p>\n\n\n\n<p>Conform\u00e9ment au R\u00e8glement G\u00e9n\u00e9ral sur la Protection des Donn\u00e9es (RGPD), vous disposez d\u2019un droit d\u2019acc\u00e8s, de rectification et de suppression de vos donn\u00e9es en adressant votre demande \u00e0 :<br><a href=\"mailto:contact@frelonix.com\">contact@frelonix.com<\/a><\/p>\n\n\n\n<p><strong>Cookies<\/strong><\/p>\n\n\n\n<p>Le site peut utiliser des cookies afin d\u2019am\u00e9liorer l\u2019exp\u00e9rience utilisateur et r\u00e9aliser des statistiques de fr\u00e9quentation.<br>Vous pouvez configurer votre navigateur pour refuser les cookies.<\/p>\n\n\n\n<p><strong>Droit applicable<\/strong><\/p>\n\n\n\n<p>Les pr\u00e9sentes mentions l\u00e9gales sont r\u00e9gies par le droit fran\u00e7ais.<br>Tout litige rel\u00e8ve de la comp\u00e9tence des tribunaux fran\u00e7ais.<\/p>\n","protected":false},"excerpt":{"rendered":"<p>\u00c9diteur du site Nom commercial : FrelonixEntreprise : Florent CASESForme juridique : Auto-entrepriseSIREN : 999 967 839SIRET : 999 967 839 00013Code APE : 8129A \u2014 D\u00e9sinfection, d\u00e9sinsectisation, d\u00e9ratisationAdresse : 25 rue du Cordeau, 77390 Courtomer, FranceEmail : contact@frelonix.comT\u00e9l\u00e9phone : 06 09 07 72 14 Directeur de la publication Florent CASES H\u00e9bergement Le site est &hellip; <\/p>\n<p class=\"link-more\"><a href=\"https:\/\/frelonix.fr\/index.php\/mentions-legales\/\" class=\"more-link\">Lire la suite de<span class=\"screen-reader-text\">\u00ab\u00a0Mentions l\u00e9gales\u00a0\u00bb<\/span><\/a><\/p>\n","protected":false},"author":1,"featured_media":0,"parent":0,"menu_order":0,"comment_status":"closed","ping_status":"closed","template":"","meta":{"inspiro_hide_title":false,"footnotes":""},"class_list":["post-193","page","type-page","status-publish","hentry"],"yoast_head":"<!-- This site is optimized with the Yoast SEO plugin v27.3 - https:\/\/yoast.com\/product\/yoast-seo-wordpress\/ -->\n<title>Mentions l\u00e9gales - frelonix.fr<\/title>\n<meta name=\"robots\" content=\"index, follow, max-snippet:-1, max-image-preview:large, max-video-preview:-1\" \/>\n<link rel=\"canonical\" href=\"https:\/\/frelonix.fr\/index.php\/mentions-legales\/\" \/>\n<meta property=\"og:locale\" content=\"fr_FR\" \/>\n<meta property=\"og:type\" content=\"article\" \/>\n<meta property=\"og:title\" content=\"Mentions l\u00e9gales - frelonix.fr\" \/>\n<meta property=\"og:description\" content=\"\u00c9diteur du site Nom commercial : FrelonixEntreprise : Florent CASESForme juridique : Auto-entrepriseSIREN : 999 967 839SIRET : 999 967 839 00013Code APE : 8129A \u2014 D\u00e9sinfection, d\u00e9sinsectisation, d\u00e9ratisationAdresse : 25 rue du Cordeau, 77390 Courtomer, FranceEmail : contact@frelonix.comT\u00e9l\u00e9phone : 06 09 07 72 14 Directeur de la publication Florent CASES H\u00e9bergement Le site est &hellip; Lire la suite de\u00ab\u00a0Mentions l\u00e9gales\u00a0\u00bb\" \/>\n<meta property=\"og:url\" content=\"https:\/\/frelonix.fr\/index.php\/mentions-legales\/\" \/>\n<meta property=\"og:site_name\" content=\"frelonix.fr\" \/>\n<meta property=\"article:publisher\" content=\"https:\/\/www.facebook.com\/profile.php?id=61580844692906\" \/>\n<meta property=\"article:modified_time\" content=\"2026-02-27T15:32:37+00:00\" \/>\n<meta name=\"twitter:card\" content=\"summary_large_image\" \/>\n<meta name=\"twitter:label1\" content=\"Dur\u00e9e de lecture estim\u00e9e\" \/>\n\t<meta name=\"twitter:data1\" content=\"1 minute\" \/>\n<script type=\"application\/ld+json\" class=\"yoast-schema-graph\">{\"@context\":\"https:\\\/\\\/schema.org\",\"@graph\":[{\"@type\":\"WebPage\",\"@id\":\"https:\\\/\\\/frelonix.fr\\\/index.php\\\/mentions-legales\\\/\",\"url\":\"https:\\\/\\\/frelonix.fr\\\/index.php\\\/mentions-legales\\\/\",\"name\":\"Mentions l\u00e9gales - frelonix.fr\",\"isPartOf\":{\"@id\":\"https:\\\/\\\/frelonix.fr\\\/#website\"},\"datePublished\":\"2026-02-27T15:09:51+00:00\",\"dateModified\":\"2026-02-27T15:32:37+00:00\",\"breadcrumb\":{\"@id\":\"https:\\\/\\\/frelonix.fr\\\/index.php\\\/mentions-legales\\\/#breadcrumb\"},\"inLanguage\":\"fr-FR\",\"potentialAction\":[{\"@type\":\"ReadAction\",\"target\":[\"https:\\\/\\\/frelonix.fr\\\/index.php\\\/mentions-legales\\\/\"]}]},{\"@type\":\"BreadcrumbList\",\"@id\":\"https:\\\/\\\/frelonix.fr\\\/index.php\\\/mentions-legales\\\/#breadcrumb\",\"itemListElement\":[{\"@type\":\"ListItem\",\"position\":1,\"name\":\"Accueil\",\"item\":\"https:\\\/\\\/frelonix.fr\\\/\"},{\"@type\":\"ListItem\",\"position\":2,\"name\":\"Mentions l\u00e9gales\"}]},{\"@type\":\"WebSite\",\"@id\":\"https:\\\/\\\/frelonix.fr\\\/#website\",\"url\":\"https:\\\/\\\/frelonix.fr\\\/\",\"name\":\"frelonix.fr\",\"description\":\"La solution qui fait mouche\",\"publisher\":{\"@id\":\"https:\\\/\\\/frelonix.fr\\\/#organization\"},\"potentialAction\":[{\"@type\":\"SearchAction\",\"target\":{\"@type\":\"EntryPoint\",\"urlTemplate\":\"https:\\\/\\\/frelonix.fr\\\/?s={search_term_string}\"},\"query-input\":{\"@type\":\"PropertyValueSpecification\",\"valueRequired\":true,\"valueName\":\"search_term_string\"}}],\"inLanguage\":\"fr-FR\"},{\"@type\":\"Organization\",\"@id\":\"https:\\\/\\\/frelonix.fr\\\/#organization\",\"name\":\"frelonix.fr\",\"url\":\"https:\\\/\\\/frelonix.fr\\\/\",\"logo\":{\"@type\":\"ImageObject\",\"inLanguage\":\"fr-FR\",\"@id\":\"https:\\\/\\\/frelonix.fr\\\/#\\\/schema\\\/logo\\\/image\\\/\",\"url\":\"https:\\\/\\\/frelonix.fr\\\/wp-content\\\/uploads\\\/2026\\\/02\\\/cropped-cropped-Frelonix_lettrage_detoure-scaled-1.png\",\"contentUrl\":\"https:\\\/\\\/frelonix.fr\\\/wp-content\\\/uploads\\\/2026\\\/02\\\/cropped-cropped-Frelonix_lettrage_detoure-scaled-1.png\",\"width\":2558,\"height\":836,\"caption\":\"frelonix.fr\"},\"image\":{\"@id\":\"https:\\\/\\\/frelonix.fr\\\/#\\\/schema\\\/logo\\\/image\\\/\"},\"sameAs\":[\"https:\\\/\\\/www.facebook.com\\\/profile.php?id=61580844692906\"]}]}<\/script>\n<!-- \/ Yoast SEO plugin. -->","yoast_head_json":{"title":"Mentions l\u00e9gales - frelonix.fr","robots":{"index":"index","follow":"follow","max-snippet":"max-snippet:-1","max-image-preview":"max-image-preview:large","max-video-preview":"max-video-preview:-1"},"canonical":"https:\/\/frelonix.fr\/index.php\/mentions-legales\/","og_locale":"fr_FR","og_type":"article","og_title":"Mentions l\u00e9gales - frelonix.fr","og_description":"\u00c9diteur du site Nom commercial : FrelonixEntreprise : Florent CASESForme juridique : Auto-entrepriseSIREN : 999 967 839SIRET : 999 967 839 00013Code APE : 8129A \u2014 D\u00e9sinfection, d\u00e9sinsectisation, d\u00e9ratisationAdresse : 25 rue du Cordeau, 77390 Courtomer, FranceEmail : contact@frelonix.comT\u00e9l\u00e9phone : 06 09 07 72 14 Directeur de la publication Florent CASES H\u00e9bergement Le site est &hellip; Lire la suite de\u00ab\u00a0Mentions l\u00e9gales\u00a0\u00bb","og_url":"https:\/\/frelonix.fr\/index.php\/mentions-legales\/","og_site_name":"frelonix.fr","article_publisher":"https:\/\/www.facebook.com\/profile.php?id=61580844692906","article_modified_time":"2026-02-27T15:32:37+00:00","twitter_card":"summary_large_image","twitter_misc":{"Dur\u00e9e de lecture estim\u00e9e":"1 minute"},"schema":{"@context":"https:\/\/schema.org","@graph":[{"@type":"WebPage","@id":"https:\/\/frelonix.fr\/index.php\/mentions-legales\/","url":"https:\/\/frelonix.fr\/index.php\/mentions-legales\/","name":"Mentions l\u00e9gales - frelonix.fr","isPartOf":{"@id":"https:\/\/frelonix.fr\/#website"},"datePublished":"2026-02-27T15:09:51+00:00","dateModified":"2026-02-27T15:32:37+00:00","breadcrumb":{"@id":"https:\/\/frelonix.fr\/index.php\/mentions-legales\/#breadcrumb"},"inLanguage":"fr-FR","potentialAction":[{"@type":"ReadAction","target":["https:\/\/frelonix.fr\/index.php\/mentions-legales\/"]}]},{"@type":"BreadcrumbList","@id":"https:\/\/frelonix.fr\/index.php\/mentions-legales\/#breadcrumb","itemListElement":[{"@type":"ListItem","position":1,"name":"Accueil","item":"https:\/\/frelonix.fr\/"},{"@type":"ListItem","position":2,"name":"Mentions l\u00e9gales"}]},{"@type":"WebSite","@id":"https:\/\/frelonix.fr\/#website","url":"https:\/\/frelonix.fr\/","name":"frelonix.fr","description":"La solution qui fait mouche","publisher":{"@id":"https:\/\/frelonix.fr\/#organization"},"potentialAction":[{"@type":"SearchAction","target":{"@type":"EntryPoint","urlTemplate":"https:\/\/frelonix.fr\/?s={search_term_string}"},"query-input":{"@type":"PropertyValueSpecification","valueRequired":true,"valueName":"search_term_string"}}],"inLanguage":"fr-FR"},{"@type":"Organization","@id":"https:\/\/frelonix.fr\/#organization","name":"frelonix.fr","url":"https:\/\/frelonix.fr\/","logo":{"@type":"ImageObject","inLanguage":"fr-FR","@id":"https:\/\/frelonix.fr\/#\/schema\/logo\/image\/","url":"https:\/\/frelonix.fr\/wp-content\/uploads\/2026\/02\/cropped-cropped-Frelonix_lettrage_detoure-scaled-1.png","contentUrl":"https:\/\/frelonix.fr\/wp-content\/uploads\/2026\/02\/cropped-cropped-Frelonix_lettrage_detoure-scaled-1.png","width":2558,"height":836,"caption":"frelonix.fr"},"image":{"@id":"https:\/\/frelonix.fr\/#\/schema\/logo\/image\/"},"sameAs":["https:\/\/www.facebook.com\/profile.php?id=61580844692906"]}]}},"_links":{"self":[{"href":"https:\/\/frelonix.fr\/index.php\/wp-json\/wp\/v2\/pages\/193","targetHints":{"allow":["GET"]}}],"collection":[{"href":"https:\/\/frelonix.fr\/index.php\/wp-json\/wp\/v2\/pages"}],"about":[{"href":"https:\/\/frelonix.fr\/index.php\/wp-json\/wp\/v2\/types\/page"}],"author":[{"embeddable":true,"href":"https:\/\/frelonix.fr\/index.php\/wp-json\/wp\/v2\/users\/1"}],"replies":[{"embeddable":true,"href":"https:\/\/frelonix.fr\/index.php\/wp-json\/wp\/v2\/comments?post=193"}],"version-history":[{"count":1,"href":"https:\/\/frelonix.fr\/index.php\/wp-json\/wp\/v2\/pages\/193\/revisions"}],"predecessor-version":[{"id":194,"href":"https:\/\/frelonix.fr\/index.php\/wp-json\/wp\/v2\/pages\/193\/revisions\/194"}],"wp:attachment":[{"href":"https:\/\/frelonix.fr\/index.php\/wp-json\/wp\/v2\/media?parent=193"}],"curies":[{"name":"wp","href":"https:\/\/api.w.org\/{rel}","templated":true}]}}