{"id":10,"date":"2026-02-25T19:54:37","date_gmt":"2026-02-25T19:54:37","guid":{"rendered":"https:\/\/frelonix.fr\/?page_id=10"},"modified":"2026-04-01T15:52:41","modified_gmt":"2026-04-01T15:52:41","slug":"homepage","status":"publish","type":"page","link":"https:\/\/frelonix.fr\/","title":{"rendered":""},"content":{"rendered":"\n<div class=\"wp-block-cover alignfull is-light\" style=\"min-height:100vh;aspect-ratio:unset;\"><video class=\"wp-block-cover__video-background intrinsic-ignore\" autoplay muted loop playsinline src=\"https:\/\/frelonix.fr\/wp-content\/uploads\/2026\/02\/nid-de-guepe.mp4\" data-object-fit=\"cover\"><\/video><span aria-hidden=\"true\" class=\"wp-block-cover__background has-background-dim-20 has-background-dim\" style=\"background-color:#FFF\"><\/span><div class=\"wp-block-cover__inner-container has-global-padding is-layout-constrained wp-block-cover-is-layout-constrained\">\n<p class=\"has-text-align-center has-white-color has-text-color\" style=\"font-size:clamp(29.768px, 1.861rem + ((1vw - 3.2px) * 1.985), 52px);font-style:normal;font-weight:900;line-height:1.2\"><strong>Neutralisation nids de frelons\/gu\u00eapes <\/strong><br><strong>et chenilles processionnaires<br>06 09 07 72 14<\/strong><\/p>\n\n\n\n<p class=\"has-text-align-center has-white-color has-text-color has-medium-font-size\">En Seine-et-Marne (77) et d\u00e9partements limitrophes <br><\/p>\n<\/div><\/div>\n\n\n\n<p><\/p>\n\n\n\n<div class=\"wp-block-group has-global-padding is-layout-constrained wp-block-group-is-layout-constrained\">\n<h1 class=\"wp-block-heading has-text-align-center has-medium-font-size\" style=\"letter-spacing:1px\">Protection et traitement des nids en Seine-et-Marne (77) et d\u00e9partement limitrophes.<\/h1>\n\n\n\n<p class=\"has-text-align-center\">Frelonix intervient pour la destruction de nid frelon, l&rsquo;\u00e9limination des nids de gu\u00eapes ainsi que la lutte contre les chenilles processionnaires en Seine-et-Marne et d\u00e9partement limitrophes. <\/p>\n\n\n\n<p class=\"has-text-align-center\">La pr\u00e9sence d\u2019un nid peut repr\u00e9senter un danger pour les habitants et les animaux, c\u2019est pourquoi une intervention rapide est essentielle.<\/p>\n\n\n\n<p class=\"has-text-align-center\">Nous r\u00e9alisons un diagnostic pr\u00e9cis afin de choisir la m\u00e9thode la plus adapt\u00e9e \u00e0 votre situation et garantir une intervention s\u00e9curis\u00e9e.<\/p>\n\n\n\n<p class=\"has-text-align-center\">Bas\u00e9s en Seine-et-Marne, nous nous d\u00e9pla\u00e7ons sur l\u2019ensemble du d\u00e9partement pour prot\u00e9ger durablement votre environnement.<\/p>\n\n\n\n<div class=\"wp-block-buttons is-horizontal is-content-justification-center is-layout-flex wp-container-core-buttons-is-layout-03627597 wp-block-buttons-is-layout-flex\">\n<div class=\"wp-block-button is-style-outline is-style-outline--1\"><a class=\"wp-block-button__link has-small-font-size has-custom-font-size wp-element-button\" href=\"https:\/\/frelonix.fr\/index.php\/contact\/\" style=\"border-radius:0px\">Demander une intervention<\/a><\/div>\n<\/div>\n<\/div>\n\n\n\n<div class=\"wp-block-group has-global-padding is-layout-constrained wp-block-group-is-layout-constrained\">\n<p><\/p>\n\n\n\n<div class=\"wp-block-columns is-layout-flex wp-container-core-columns-is-layout-28f84493 wp-block-columns-is-layout-flex\">\n<div class=\"wp-block-column is-layout-flow wp-block-column-is-layout-flow\">\n<figure class=\"wp-block-image size-large\"><img loading=\"lazy\" decoding=\"async\" width=\"1280\" height=\"720\" src=\"https:\/\/frelonix.fr\/wp-content\/uploads\/2026\/02\/christels-hornet-9964336_1280-edited.jpg\" alt=\"\" class=\"wp-image-37\" srcset=\"https:\/\/frelonix.fr\/wp-content\/uploads\/2026\/02\/christels-hornet-9964336_1280-edited.jpg 1280w, https:\/\/frelonix.fr\/wp-content\/uploads\/2026\/02\/christels-hornet-9964336_1280-edited-300x169.jpg 300w, https:\/\/frelonix.fr\/wp-content\/uploads\/2026\/02\/christels-hornet-9964336_1280-edited-1024x576.jpg 1024w\" sizes=\"auto, (max-width: 1280px) 100vw, 1280px\" \/><\/figure>\n\n\n\n<h3 class=\"wp-block-heading has-text-align-center has-black-color has-text-color has-medium-font-size\"><strong>Frelons et Gu\u00eapes<\/strong><\/h3>\n\n\n\n<p class=\"has-text-align-center has-text-color\" style=\"color:#7a7a7a\">Intervention rapide pour la destruction de nids de frelons et gu\u00eapes.<\/p>\n\n\n\n<div class=\"wp-block-buttons is-content-justification-center is-layout-flex wp-container-core-buttons-is-layout-a89b3969 wp-block-buttons-is-layout-flex\">\n<div class=\"wp-block-button is-style-outline is-style-outline--2\"><a class=\"wp-block-button__link wp-element-button\" href=\"https:\/\/frelonix.fr\/index.php\/frelons-et-guepes\/\" style=\"border-radius:0px\">En savoir +<\/a><\/div>\n<\/div>\n<\/div>\n\n\n\n<div class=\"wp-block-column is-layout-flow wp-block-column-is-layout-flow\">\n<figure class=\"wp-block-image size-large\"><img loading=\"lazy\" decoding=\"async\" width=\"1280\" height=\"720\" src=\"https:\/\/frelonix.fr\/wp-content\/uploads\/2026\/02\/makamuki0-processionary-3196219_1280-edited.jpg\" alt=\"\" class=\"wp-image-38\" srcset=\"https:\/\/frelonix.fr\/wp-content\/uploads\/2026\/02\/makamuki0-processionary-3196219_1280-edited.jpg 1280w, https:\/\/frelonix.fr\/wp-content\/uploads\/2026\/02\/makamuki0-processionary-3196219_1280-edited-300x169.jpg 300w, https:\/\/frelonix.fr\/wp-content\/uploads\/2026\/02\/makamuki0-processionary-3196219_1280-edited-1024x576.jpg 1024w\" sizes=\"auto, (max-width: 1280px) 100vw, 1280px\" \/><\/figure>\n\n\n\n<h3 class=\"wp-block-heading has-text-align-center has-black-color has-text-color has-medium-font-size\"><strong>Chenilles processionnaires<\/strong><\/h3>\n\n\n\n<p class=\"has-text-align-center has-text-color\" style=\"color:#7a7a7a\">Pose d\u2019\u00e9copi\u00e8ges et traitement des chenilles processionnaires.<\/p>\n\n\n\n<div class=\"wp-block-buttons is-content-justification-center is-layout-flex wp-container-core-buttons-is-layout-a89b3969 wp-block-buttons-is-layout-flex\">\n<div class=\"wp-block-button is-style-outline is-style-outline--3\"><a class=\"wp-block-button__link wp-element-button\" href=\"https:\/\/frelonix.fr\/index.php\/chenilles-processionnaires\/\" style=\"border-radius:0px\">En savoir +<\/a><\/div>\n<\/div>\n<\/div>\n<\/div>\n\n\n\n<hr class=\"wp-block-separator has-alpha-channel-opacity is-style-wide\"\/>\n<\/div>\n\n\n\n<div class=\"wp-block-group alignfull has-background has-global-padding is-layout-constrained wp-block-group-is-layout-constrained\" style=\"background-color:#e5e9ec;padding-top:var(--wp--preset--spacing--small);padding-bottom:var(--wp--preset--spacing--small)\">\n<div class=\"wp-block-columns is-layout-flex wp-container-core-columns-is-layout-7db7aa3e wp-block-columns-is-layout-flex\" style=\"padding-right:0;padding-left:0\">\n<div class=\"wp-block-column is-vertically-aligned-center is-layout-flow wp-block-column-is-layout-flow\">\n<h2 class=\"wp-block-heading has-medium-font-size\" style=\"text-transform:uppercase\">Pourquoi faire appel \u00e0 Frelonix ?<\/h2>\n\n\n\n<p>\u2022 Diagnostic pr\u00e9cis avant intervention<br>\u2022 Mat\u00e9riel professionnel adapt\u00e9<br>\u2022 Intervention s\u00e9curis\u00e9e pour les occupants<br>\u2022 Conseils de pr\u00e9vention apr\u00e8s traitement<\/p>\n\n\n\n<div class=\"wp-block-buttons is-horizontal is-content-justification-left is-layout-flex wp-container-core-buttons-is-layout-20be11b6 wp-block-buttons-is-layout-flex\">\n<div class=\"wp-block-button is-style-outline is-style-outline--4\"><a class=\"wp-block-button__link wp-element-button\" href=\"https:\/\/frelonix.fr\/index.php\/contact\/\">Demander une intervention<\/a><\/div>\n<\/div>\n\n\n\n<p><\/p>\n<\/div>\n\n\n\n<div class=\"wp-block-column is-layout-flow wp-block-column-is-layout-flow\">\n<figure class=\"wp-block-image size-large is-resized\"><img loading=\"lazy\" decoding=\"async\" width=\"1024\" height=\"768\" src=\"https:\/\/frelonix.fr\/wp-content\/uploads\/2026\/02\/makamuki0-processionary-1189371_1280-1024x768.jpg\" alt=\"\" class=\"wp-image-139\" style=\"width:453px;height:auto\" srcset=\"https:\/\/frelonix.fr\/wp-content\/uploads\/2026\/02\/makamuki0-processionary-1189371_1280-1024x768.jpg 1024w, https:\/\/frelonix.fr\/wp-content\/uploads\/2026\/02\/makamuki0-processionary-1189371_1280-300x225.jpg 300w, https:\/\/frelonix.fr\/wp-content\/uploads\/2026\/02\/makamuki0-processionary-1189371_1280.jpg 1280w\" sizes=\"auto, (max-width: 1024px) 100vw, 1024px\" \/><\/figure>\n<\/div>\n<\/div>\n<\/div>\n\n\n\n<p>La pr\u00e9sence d\u2019un nid de frelons ou de gu\u00eapes repr\u00e9sente un danger r\u00e9el, notamment \u00e0 proximit\u00e9 d\u2019une habitation, d\u2019une \u00e9cole ou d\u2019un lieu de passage. <\/p>\n\n\n\n<p>Une intervention de destruction nid frelon doit \u00eatre r\u00e9alis\u00e9e par un professionnel \u00e9quip\u00e9 et form\u00e9 afin d\u2019\u00e9viter tout risque de piq\u00fbres ou de propagation du nid.<\/p>\n\n\n\n<p>Chez Frelonix, chaque intervention d\u00e9bute par une analyse de la situation afin de d\u00e9terminer la m\u00e9thode la plus efficace et la plus s\u00e9curis\u00e9e. <\/p>\n\n\n\n<p>Nous utilisons des techniques adapt\u00e9es \u00e0 l\u2019environnement pour garantir une \u00e9limination durable du nid tout en limitant l\u2019impact sur l\u2019\u00e9cosyst\u00e8me. <\/p>\n\n\n\n<p>Notre objectif est d\u2019assurer votre s\u00e9curit\u00e9 tout en vous apportant une solution rapide et fiable.<\/p>\n\n\n\n<p><\/p>\n","protected":false},"excerpt":{"rendered":"<p>Protection et traitement des nids en Seine-et-Marne (77) et d\u00e9partement limitrophes. Frelonix intervient pour la destruction de nid frelon, l&rsquo;\u00e9limination des nids de gu\u00eapes ainsi que la lutte contre les chenilles processionnaires en Seine-et-Marne et d\u00e9partement limitrophes. La pr\u00e9sence d\u2019un nid peut repr\u00e9senter un danger pour les habitants et les animaux, c\u2019est pourquoi une intervention &hellip; <\/p>\n<p class=\"link-more\"><a href=\"https:\/\/frelonix.fr\/\" class=\"more-link\">Lire la suite de<span class=\"screen-reader-text\">\u00ab\u00a0\u00a0\u00bb<\/span><\/a><\/p>\n","protected":false},"author":1,"featured_media":0,"parent":0,"menu_order":0,"comment_status":"closed","ping_status":"closed","template":"","meta":{"inspiro_hide_title":false,"footnotes":""},"class_list":["post-10","page","type-page","status-publish","hentry"],"yoast_head":"<!-- This site is optimized with the Yoast SEO plugin v27.3 - https:\/\/yoast.com\/product\/yoast-seo-wordpress\/ -->\n<title>Destruction nid frelon 77 | Gu\u00eapes et nuisibles | Frelonix<\/title>\n<meta name=\"description\" content=\"Destruction de nids de frelons, gu\u00eapes et chenilles processionnaires en Seine-et-Marne (77). Intervention rapide, s\u00e9curis\u00e9e et devis gratuit\" \/>\n<meta name=\"robots\" content=\"index, follow, max-snippet:-1, max-image-preview:large, max-video-preview:-1\" \/>\n<link rel=\"canonical\" href=\"https:\/\/frelonix.fr\/\" \/>\n<meta property=\"og:locale\" content=\"fr_FR\" \/>\n<meta property=\"og:type\" content=\"article\" \/>\n<meta property=\"og:title\" content=\"Destruction nid frelon 77 | Gu\u00eapes et nuisibles | Frelonix\" \/>\n<meta property=\"og:description\" content=\"Destruction de nids de frelons, gu\u00eapes et chenilles processionnaires en Seine-et-Marne (77). Intervention rapide, s\u00e9curis\u00e9e et devis gratuit\" \/>\n<meta property=\"og:url\" content=\"https:\/\/frelonix.fr\/\" \/>\n<meta property=\"og:site_name\" content=\"frelonix.fr\" \/>\n<meta property=\"article:publisher\" content=\"https:\/\/www.facebook.com\/profile.php?id=61580844692906\" \/>\n<meta property=\"article:modified_time\" content=\"2026-04-01T15:52:41+00:00\" \/>\n<meta property=\"og:image\" content=\"https:\/\/frelonix.fr\/wp-content\/uploads\/2026\/02\/christels-hornet-9964336_1280-edited.jpg\" \/>\n\t<meta property=\"og:image:width\" content=\"1280\" \/>\n\t<meta property=\"og:image:height\" content=\"720\" \/>\n\t<meta property=\"og:image:type\" content=\"image\/jpeg\" \/>\n<meta name=\"twitter:card\" content=\"summary_large_image\" \/>\n<meta name=\"twitter:label1\" content=\"Dur\u00e9e de lecture estim\u00e9e\" \/>\n\t<meta name=\"twitter:data1\" content=\"3 minutes\" \/>\n<script type=\"application\/ld+json\" class=\"yoast-schema-graph\">{\"@context\":\"https:\\\/\\\/schema.org\",\"@graph\":[{\"@type\":\"WebPage\",\"@id\":\"https:\\\/\\\/frelonix.fr\\\/\",\"url\":\"https:\\\/\\\/frelonix.fr\\\/\",\"name\":\"Destruction nid frelon 77 | Gu\u00eapes et nuisibles | Frelonix\",\"isPartOf\":{\"@id\":\"https:\\\/\\\/frelonix.fr\\\/#website\"},\"primaryImageOfPage\":{\"@id\":\"https:\\\/\\\/frelonix.fr\\\/#primaryimage\"},\"image\":{\"@id\":\"https:\\\/\\\/frelonix.fr\\\/#primaryimage\"},\"thumbnailUrl\":\"https:\\\/\\\/frelonix.fr\\\/wp-content\\\/uploads\\\/2026\\\/02\\\/christels-hornet-9964336_1280-edited.jpg\",\"datePublished\":\"2026-02-25T19:54:37+00:00\",\"dateModified\":\"2026-04-01T15:52:41+00:00\",\"description\":\"Destruction de nids de frelons, gu\u00eapes et chenilles processionnaires en Seine-et-Marne (77). Intervention rapide, s\u00e9curis\u00e9e et devis gratuit\",\"inLanguage\":\"fr-FR\",\"potentialAction\":[{\"@type\":\"ReadAction\",\"target\":[\"https:\\\/\\\/frelonix.fr\\\/\"]}]},{\"@type\":\"ImageObject\",\"inLanguage\":\"fr-FR\",\"@id\":\"https:\\\/\\\/frelonix.fr\\\/#primaryimage\",\"url\":\"https:\\\/\\\/frelonix.fr\\\/wp-content\\\/uploads\\\/2026\\\/02\\\/christels-hornet-9964336_1280-edited.jpg\",\"contentUrl\":\"https:\\\/\\\/frelonix.fr\\\/wp-content\\\/uploads\\\/2026\\\/02\\\/christels-hornet-9964336_1280-edited.jpg\",\"width\":1280,\"height\":720},{\"@type\":\"WebSite\",\"@id\":\"https:\\\/\\\/frelonix.fr\\\/#website\",\"url\":\"https:\\\/\\\/frelonix.fr\\\/\",\"name\":\"frelonix.fr\",\"description\":\"La solution qui fait mouche\",\"publisher\":{\"@id\":\"https:\\\/\\\/frelonix.fr\\\/#organization\"},\"potentialAction\":[{\"@type\":\"SearchAction\",\"target\":{\"@type\":\"EntryPoint\",\"urlTemplate\":\"https:\\\/\\\/frelonix.fr\\\/?s={search_term_string}\"},\"query-input\":{\"@type\":\"PropertyValueSpecification\",\"valueRequired\":true,\"valueName\":\"search_term_string\"}}],\"inLanguage\":\"fr-FR\"},{\"@type\":\"Organization\",\"@id\":\"https:\\\/\\\/frelonix.fr\\\/#organization\",\"name\":\"frelonix.fr\",\"url\":\"https:\\\/\\\/frelonix.fr\\\/\",\"logo\":{\"@type\":\"ImageObject\",\"inLanguage\":\"fr-FR\",\"@id\":\"https:\\\/\\\/frelonix.fr\\\/#\\\/schema\\\/logo\\\/image\\\/\",\"url\":\"https:\\\/\\\/frelonix.fr\\\/wp-content\\\/uploads\\\/2026\\\/02\\\/cropped-cropped-Frelonix_lettrage_detoure-scaled-1.png\",\"contentUrl\":\"https:\\\/\\\/frelonix.fr\\\/wp-content\\\/uploads\\\/2026\\\/02\\\/cropped-cropped-Frelonix_lettrage_detoure-scaled-1.png\",\"width\":2558,\"height\":836,\"caption\":\"frelonix.fr\"},\"image\":{\"@id\":\"https:\\\/\\\/frelonix.fr\\\/#\\\/schema\\\/logo\\\/image\\\/\"},\"sameAs\":[\"https:\\\/\\\/www.facebook.com\\\/profile.php?id=61580844692906\"]}]}<\/script>\n<!-- \/ Yoast SEO plugin. -->","yoast_head_json":{"title":"Destruction nid frelon 77 | Gu\u00eapes et nuisibles | Frelonix","description":"Destruction de nids de frelons, gu\u00eapes et chenilles processionnaires en Seine-et-Marne (77). Intervention rapide, s\u00e9curis\u00e9e et devis gratuit","robots":{"index":"index","follow":"follow","max-snippet":"max-snippet:-1","max-image-preview":"max-image-preview:large","max-video-preview":"max-video-preview:-1"},"canonical":"https:\/\/frelonix.fr\/","og_locale":"fr_FR","og_type":"article","og_title":"Destruction nid frelon 77 | Gu\u00eapes et nuisibles | Frelonix","og_description":"Destruction de nids de frelons, gu\u00eapes et chenilles processionnaires en Seine-et-Marne (77). Intervention rapide, s\u00e9curis\u00e9e et devis gratuit","og_url":"https:\/\/frelonix.fr\/","og_site_name":"frelonix.fr","article_publisher":"https:\/\/www.facebook.com\/profile.php?id=61580844692906","article_modified_time":"2026-04-01T15:52:41+00:00","og_image":[{"width":1280,"height":720,"url":"https:\/\/frelonix.fr\/wp-content\/uploads\/2026\/02\/christels-hornet-9964336_1280-edited.jpg","type":"image\/jpeg"}],"twitter_card":"summary_large_image","twitter_misc":{"Dur\u00e9e de lecture estim\u00e9e":"3 minutes"},"schema":{"@context":"https:\/\/schema.org","@graph":[{"@type":"WebPage","@id":"https:\/\/frelonix.fr\/","url":"https:\/\/frelonix.fr\/","name":"Destruction nid frelon 77 | Gu\u00eapes et nuisibles | Frelonix","isPartOf":{"@id":"https:\/\/frelonix.fr\/#website"},"primaryImageOfPage":{"@id":"https:\/\/frelonix.fr\/#primaryimage"},"image":{"@id":"https:\/\/frelonix.fr\/#primaryimage"},"thumbnailUrl":"https:\/\/frelonix.fr\/wp-content\/uploads\/2026\/02\/christels-hornet-9964336_1280-edited.jpg","datePublished":"2026-02-25T19:54:37+00:00","dateModified":"2026-04-01T15:52:41+00:00","description":"Destruction de nids de frelons, gu\u00eapes et chenilles processionnaires en Seine-et-Marne (77). Intervention rapide, s\u00e9curis\u00e9e et devis gratuit","inLanguage":"fr-FR","potentialAction":[{"@type":"ReadAction","target":["https:\/\/frelonix.fr\/"]}]},{"@type":"ImageObject","inLanguage":"fr-FR","@id":"https:\/\/frelonix.fr\/#primaryimage","url":"https:\/\/frelonix.fr\/wp-content\/uploads\/2026\/02\/christels-hornet-9964336_1280-edited.jpg","contentUrl":"https:\/\/frelonix.fr\/wp-content\/uploads\/2026\/02\/christels-hornet-9964336_1280-edited.jpg","width":1280,"height":720},{"@type":"WebSite","@id":"https:\/\/frelonix.fr\/#website","url":"https:\/\/frelonix.fr\/","name":"frelonix.fr","description":"La solution qui fait mouche","publisher":{"@id":"https:\/\/frelonix.fr\/#organization"},"potentialAction":[{"@type":"SearchAction","target":{"@type":"EntryPoint","urlTemplate":"https:\/\/frelonix.fr\/?s={search_term_string}"},"query-input":{"@type":"PropertyValueSpecification","valueRequired":true,"valueName":"search_term_string"}}],"inLanguage":"fr-FR"},{"@type":"Organization","@id":"https:\/\/frelonix.fr\/#organization","name":"frelonix.fr","url":"https:\/\/frelonix.fr\/","logo":{"@type":"ImageObject","inLanguage":"fr-FR","@id":"https:\/\/frelonix.fr\/#\/schema\/logo\/image\/","url":"https:\/\/frelonix.fr\/wp-content\/uploads\/2026\/02\/cropped-cropped-Frelonix_lettrage_detoure-scaled-1.png","contentUrl":"https:\/\/frelonix.fr\/wp-content\/uploads\/2026\/02\/cropped-cropped-Frelonix_lettrage_detoure-scaled-1.png","width":2558,"height":836,"caption":"frelonix.fr"},"image":{"@id":"https:\/\/frelonix.fr\/#\/schema\/logo\/image\/"},"sameAs":["https:\/\/www.facebook.com\/profile.php?id=61580844692906"]}]}},"_links":{"self":[{"href":"https:\/\/frelonix.fr\/index.php\/wp-json\/wp\/v2\/pages\/10","targetHints":{"allow":["GET"]}}],"collection":[{"href":"https:\/\/frelonix.fr\/index.php\/wp-json\/wp\/v2\/pages"}],"about":[{"href":"https:\/\/frelonix.fr\/index.php\/wp-json\/wp\/v2\/types\/page"}],"author":[{"embeddable":true,"href":"https:\/\/frelonix.fr\/index.php\/wp-json\/wp\/v2\/users\/1"}],"replies":[{"embeddable":true,"href":"https:\/\/frelonix.fr\/index.php\/wp-json\/wp\/v2\/comments?post=10"}],"version-history":[{"count":38,"href":"https:\/\/frelonix.fr\/index.php\/wp-json\/wp\/v2\/pages\/10\/revisions"}],"predecessor-version":[{"id":267,"href":"https:\/\/frelonix.fr\/index.php\/wp-json\/wp\/v2\/pages\/10\/revisions\/267"}],"wp:attachment":[{"href":"https:\/\/frelonix.fr\/index.php\/wp-json\/wp\/v2\/media?parent=10"}],"curies":[{"name":"wp","href":"https:\/\/api.w.org\/{rel}","templated":true}]}}